
-33 + 14 + 62 + (-10 - 3 - 0) + 7
37
Evaluate 13 + (12 + 96 - -8) + -4 - (3 + 3).
119
Evaluate (12 - -4) + (7 + -14 - -15 - 99).
-75
What is the value of 26 + (8 + 1 - (-87 - -113)) - 0?
9
Calculate 161 + -137 + (3 - (-3 - -19)).
11
What is the value of 1 + 4 + -78 + (93 + -74 - 9)?
-63
90 + -70 - (-14 + 8 - -32)
-6
What is (-15 - -10) + 48 + -66 + (39 - 4)?
12
Evaluate (-2 - (1 - -6)) + (-69 - (79 - 155)).
-2
(2 - -10) + (-4 - 4) - (-5 - 32)
41
What is (21 + -4 - (4 + -2)) + 885 + -846?
54
Calculate -220 + 233 + (-91 - -1 - (-1 - (12 + -17))).
-81
What is -863 + 868 - (-8 + 1)?
12
Evaluate -25 + (112 - (-33 - -42 - -1)).
77
Evaluate -19 - ((-122 - -49) + -10).
64
Calculate -2 - -4 - (13 + -75) - (-38 - -34).
68
Calculate (-7 - (5 + -7)) + -39 + -124 + 112.
-56
What is 35 + 107 + -60 - 9?
73
What is -3 + 0 + (3907 - 3911)?
-7
What is the value of -4 + 27 - (8 - (-12 - 39))?
-36
What is the value of (57 - (173 - 27)) + 14?
-75
What is the value of 14 + (-7 - ((17 - 27) + 15))?
2
(291 - 328) + -2 + 18
-21
Evaluate (13 - 14) + -6 - (-84 + (19 - 16)).
74
Evaluate 26 - (105 + -105 + 8).
18
What is 213 + -295 + (-13 - (3 + -5)) + -10?
-103
Calculate 23 + (4 - (6 + -1)) + -9 - 35.
-22
(-11 + -15 - -48) + 7 + -50
-21
-20 - -65 - 69 - -84
60
What is the value of (-9 + 10 - 0) + (-3 + (-4 - -11) - 7)?
-2
What is the value of 10 + 0 + (-5 + 8 - -10)?
23
Calculate -110 - -113 - (-2 + 15) - 21 - 2.
-33
Calculate 19 + (9 - 30 - -26) - -2.
26
Evaluate 57 + 8 + (12 - 31) - (-5 - (-6 + -10)).
35
(9 - 19 - -22 - 24) + 9 - 88
-91
What is (131 - 161) + -12 + 66?
24
What is the value of (25 - 9) + 5 + -9 + -2 + (29 - -1)?
40
Calculate 0 + (0 - 17) + (-110 - -118) + (-43 - -51).
-1
What is -2 + -54 - (-2315 + 2192)?
67
What is the value of 7 + (185 - 185 - (5 - 3 - -26))?
-21
What is 2 + -6 + (-14 - -7) - ((34 - 10) + 12)?
-47
Calculate (-77 + 66 - 37) + 130.
82
What is the value of 52 + -34 - ((9 - 0) + -4) - -44?
57
Evaluate -4 - (-5 - 5) - (30 - 27 - 56).
59
What is the value of -9 - (-11 + 9 + -14) - (84 + 27 + 9)?
-113
What is the value of (48 - (-55 - -46)) + -12?
45
(1 - 0 - (11 - 8) - (-10 - -13)) + -6
-11
Calculate 26 - (-73 + (6 - -30) + 109).
-46
What is the value of (-3 - (-8 - -18)) + (-10 - -3)?
-20
Calculate (5 - 49) + (3 - -25).
-16
Calculate (-2 - (4 + 0) - -5 - -2) + -95 + 49.
-45
Calculate -4460 + 4480 + (-1 - -14).
33
Evaluate 11 - (24 - (9 - -40) - 26).
62
Evaluate -52 + (2 + -2 - -64).
12
Evaluate 28 + (59 + -50 - -30).
67
((14 - 4) + -9 - 14 - -1) + 122 + 11
121
Evaluate -52 - (-19 + -26) - (-32 - -1 - 0).
24
Calculate 13 - 4 - (-843 + 816).
36
What is the value of (0 - -7) + -893 + 871 - -27?
12
What is 16 + (12 - (22 - 15)) + -65?
-44
Evaluate 54 - (-94 - (-172 + 60)).
36
What is (100 - 38) + -77 - -131?
116
Evaluate 2 - ((0 - 1) + 2 + -46 + 28).
19
(-49 - (-16 + 16)) + 113
64
What is -105 + 70 - -86 - -49?
100
What is the value of 16 + -10 - (-20 + 23 + -1)?
4
What is -176 + 186 - (-15 - (3 - -2 - 8))?
22
What is 32 - 67 - (-9 - (7 + -8) - 1)?
-26
Calculate (-2 - -42 - 19) + 4.
25
(121 - 73) + -22 + 3
29
What is the value of (-104 - -47 - -55) + (2 - -6) - 14?
-8
-4 + 36 + 11 + -1 + (-28 - (-23 - -12))
25
What is the value of (-9 - 0) + (-42 - (-24 + -28)) - (-3 - 2)?
6
Evaluate -11 - 5 - ((-17 - 9) + 29) - 45.
-64
What is the value of (-166 - -136 - -17) + -1 + 144?
130
Evaluate (0 - (-3 + 6)) + 96 + -32 + 9 - 3.
67
Evaluate (3 - (14 + -2 + (-8 - -5) + -8)) + 56.
58
What is 30 + (3 + -66 - (114 - 117))?
-30
What is (2 - 23) + 37 + (-53 - -3)?
-34
What is 91 + -2 + 219 + -242 - -21?
87
18 - (38 - 72) - -14
66
Evaluate (-8 + -3 + 7 - 9 - -8) + 14.
9
(-110 - -113) + (-2 - (0 - 4) - 21)
-16
What is -125 + -43 + 129 - (-23 + -2)?
-14
Evaluate 9 + (3 - -6 - ((-9 - 6) + 19)).
14
What is the value of -8 + 1 + 29 + -11 + (-7 - (13 - 18))?
9
What is the value of (-14 - 32) + 102 + -107?
-51
Evaluate (-3 - (6 + -9 + 26)) + 11.
-15
127 - (106 + -109 + 106)
24
Calculate 4 - (49 + -50) - 1.
4
What is (-22 - ((-43 - -36) + -3 + 69)) + -17?
-98
What is the value of -4 + 26 + -25 + 41 + 5 + (1 - -2)?
46
Evaluate -30 + 83 + -42 + 129 + (4 + -5 - 4).
135
Calculate 10 + -23 + (-8 - -6) + (28 - 115).
-102
What is 960 + -939 - (-2 + 57)?
-34
-11 + (36 + 32 + -75 - (-29 - 0))
11
36 - (-49 + 84) - (-2 - -6)
-3
Evaluate (-92 - -64) + -5 + 27 - -17.
11
Evaluate 3 + (69 - -36 - 67).
41
Calculate -90 + 58 + -15 + -30.
-77
What is -411 + 396 + (53 - -1)?
39
Evaluate -3 - (-21 + -32 + 15 + 8).
27
Calculate 9 + -11 + 12 - (32 + 1 + -7 + 5).
-21
Evaluate -3 + 5 + 8 + (64 - 4 - -33 - -15).
118
-6 + 3 + -72 + 86 + (8 - 1 - -29)
47
Calculate 35 + (21 - (14 - -14)) + (-3 - 0).
25
Evaluate 26 - (8 + 68 + -2 - -26).
-74
What is (4 - 0) + (18 - (18 + -6)) - 47?
-37
Evaluate -2 - 10 - 0 - ((-38 - -79) + 2 + -69).
14
-46 + 23 + -1 - 51 - -18
-57
Evaluate (4251 - 4213) + -1 + -59.
-22
What is the value of (9 - 130) + -95 + 101 + 8?
-107
What is the value of 94 + 0 + 188 + -67 + -155?
60
Evaluate -11 + -1 - (-10 + (-19 - ((12 - 9) + 5))).
25
Calculate -39 + (0 - 80) + 37 + -34.
-116
-89 - (-1 + (9 - 37) - -11)
-71
Evaluate 13 - (-1 + 55 + -18 + -2).
-21
Evaluate 420 + -421 - ((0 - 2) + (6 + -2 - 82)).
79
-5 + 0 - (-190 + (323 - 133) + (15 - -1))
-21
Calculate -16 + 0 + 0 + 27 + -3.
8
Evaluate (-6 + (12 - 10) - (-1 + -14)) + (6 - -48).
65
-15 - (-55 + -14 + 34)
20
Evaluate (3 - (-37 - 0) - -3) + (-21 - -32) - 6.
48
What is the value of 41 - (-26 + (-22 - -47)) - -20?
62
What is the value of (8 - (9 + -9 - -8)) + 17 + 19?
36
Calculate -10 - ((-8 - -4) + (-6 - -42) + -18).
-24
What is 1 - 31 - (-6 + 12 + -21 - -35 - 13)?
-37
10 - (19 + -1) - (1 - -2 - 10)
-1
Calculate 17 + -1421 + 1406 + 13 + -2.
13
Calculate -13 - ((3 + -5 + -4 - (11 + -24)) + -12).
-8
What is the value of (8 - -23) + -12 + 114?
133
What is -13 + -1 + 13 + -8 + 16 + -27?
-20
What is the value of -54 + (-1 - 0) - (60 + -87 - -40)?
-68
Evaluate -954 - -985 - ((112 - 2) + 1).
-80
What is the value of 6 + ((-6 - -4) + -44 - -15)?
-25
0 + 50 + (-5 - -6 - 26)
25
What is the value of (3 + 15 - (-17 + 28)) + (-28 - -3)?
-18
Evaluate (-25 - (11 + -42)) + 42 - 16.
32
1188 + -1232 - (0 - 47)
3
What is the value of (2 - (-2 + (2 - 12))) + (707 - 760)?
-39
What is -34 + -3 + -15 + -14 - -25?
-41
Calculate (-6 - 2) + (-48 + 32 + 61 - -25).
62
Evaluate 55 - (66 - 12 - -65).
-64
What is (-2 - 3) + -68 + (-42 + 25 - 0)?
-90
What is the value of -11 + (6 - 18) + 19 + (19 - -12)?
27
What is the value of 16 + (-8 - (-16 - (-10 + 10)))?
24
What is the value of (10 + -2 - -1 - (15 + 45 - 31)) + 8?
-12
What is 21 + -5 + 1 + (14 - 33) + 17?
15
Evaluate 99 + -51 + (2 + -14 - -3).
39
What is 2 + (3 - 10) - (-8 + -57 + 52) - -54?
62
Calculate (9 - 0 - -1) + (646 - 593) + (-90 - 0).
-27
Calculate (-1 - 27) + -78 + -55 + 83.
-78
What is the value of (1915 - 1890) + 4 + (4 - 2 - 0)?
31
-8 - (22 + -34 + (-34 + -22 - (6 + -2)))
64
30 + -54 + (-58 - -89) + (7 - -1)
15
What is -9 - ((-1 - -20) + (-10 - (18 + -21)))?
-21
Calculate 23 - (-2 + -16 + 6) - (14 - 10).
31
Evaluate 11 + 9 + 75 + -107 - (-14 - 2).
4
Evaluate 143 - 32 - 156 - 47.
-92
What is the value of 50 + 19 + -172 - -17?
-86
What is the value of (118 - (-40 + 101)) + (-15 - 1)?
41
1 + 2 + -18 - (12 - (20 - 31) - 14)
-24
What is -7 - (104 - 153 - (23 + -17 - (0 + -1)))?
49
Calculate 43 - (102 + -13 - 38).
-8
What is the value of -3 + 190 + (-95 - 5)?
87
9 - (-1 + 3 + (18 + -11 - -26))
-26
Evaluate -85 - (-84 + -5 + 2).
2
Evaluate 129 - -11 - (84 + -120 + 31).
145
What is the value of -3 - (-5 + -2 + 1 + -6) - (-59 - -58)?
10
What is the value of 8 + (6 - 43) + -23 + 45?
-7
Evaluate 35 + (-48 - 4) + -1 + (0 - 5).
-23
Evaluate (12 - (0 - -10)) + -4 + -2 + -32 + 7.
-29
Evaluate (3 - -15) + -49 + 46 + 2 + 0.
17
Evaluate -9 + -1 + 6 + -2 + (-19 - -5).
-20
Calculate 63 - (380 + -351 + 0 + -38).
72
Calculate 35 - ((10 - 11) + (-9 - -23) + -8).
30
Calculate 87 - (15 + 0 + (3 - 26) + 6).
89
Calculate 0 + 20 + (-25 + 11 - 64).
-58
What is (-4 + 5 + -1 + -6 - -43) + 2 + 5?
44
What is -14 - (-4 - (12 + (-37 - (-6 - -2 - 9))))?
-22
What is 34 + (-20 + 10 + 18 - 16)?
26
What is the value of (15 + 0 - (-72 - -68) - 26) + -83?
-90
Calculate 1 - (3 - -5 - 12 - (12 + -2 + -8)).
7
What is the value of